4)
0
Evaluate 2 - (4 + -3) - (-1 - -4).
-2
Evaluate -24 + 19 - (0 + (-3 - -1)).
-3
Calculate (-4 - -1 - -7) + 0 + 0.
4
What is the value of 3 - -1 - 5 - 6?
-7
Evaluate (-17 - -12) + -7 + 6.
-6
What is the value of -2 - (-5 - (4 + -16) - 0)?
-9
2 + (-3 - (0 + 1 - 1))
-1
What is 7 + -1 - (21 + -11)?
-4
Calculate 2 + (2 - 3) + (17 - 23).
-5
What is 4 - (-1 + (3 - 1))?
3
What is 0 - 9 - (-42 + 40)?
-7
5 + (3 - (0 + 3)) - 0
5
Calculate 0 - 4 - 0 - (1 + -8).
3
What is the value of 1 + 2 + -4 - 5 - -1?
-5
Calculate -24 + 16 + -8 + (1 - -5).
-10
What is the value of (4 - (5 - 4)) + 2 + 1?
6
What is 4 + -2 + (5 - 7)?
0
What is (8 - 11 - 5) + -4 + 5?
-7
(-1 - 1) + -9 + (7 - -2)
-2
Evaluate -9 + 18 + -4 + (-4 - -2).
3
1 + -2 + 10 + (-4 - 5)
0
0 - (13 + -13 - -2)
-2
-1 + 9 + -2 + 0 + -2
4
What is the value of -3 + (2 - -1) - 3?
-3
What is (-6 - -2) + (0 - -8) + -12?
-8
What is -1 - ((37 - 44) + 1 + 0)?
5
Calculate (9 - 1) + (-42 - -34).
0
Calculate -2 - -1 - (-4 + 7 + -9).
5
Calculate -10 + 0 - (-87 - -81).
-4
What is the value of 1 + -7 - (-8 + 13 + -8)?
-3
What is the value of -2 + (4 - (-1 + (-3 - -4)))?
2
Calculate 0 + 0 + -4 + 4.
0
Calculate -4 - (2 + 0) - -1 - -4.
-1
What is the value of 3 + 8 + (3 - 17)?
-3
(6 - (9 + -5)) + -1 + 2
3
What is 5 - (-4 - (-2 - 8))?
-1
Calculate -3 - ((2 + 4 - -1) + -5).
-5
What is the value of -4 - (-9 + 1) - 9?
-5
What is -10 - (-18 - -12 - 2)?
-2
What is -7 + -11 + 7 + 1?
-10
What is -5 - (8 - 21 - -1)?
7
What is the value of (-33 - -31) + 1 + -5?
-6
(21 - 36) + 10 + 0
-5
Evaluate 5 + (-16 - (-23 + 11)).
1
Calculate -8 + 5 + (4 - -4).
5
0 + -1 + -2 + 217 + -206
8
What is the value of (0 + -1 - 4) + 7?
2
What is -10 + 5 + (1 - 0) + 13?
9
What is -4 + 3 - (-4 + -4 - -2)?
5
What is the value of 3 + (-1 - (0 + 6))?
-4
What is the value of -10 - -13 - (1 - (-3 + 1))?
0
2 + (5 + -11 - 6) - -5
-5
Evaluate 2 + -3 + 162 + -165.
-4
Evaluate -5 + -2 - -8 - -2.
3
Evaluate 12 + -15 - (1 + 1).
-5
-3 - (4 + 0 + -1 + -3)
-3
-1 - (3 - (0 + (0 - 0)))
-4
Evaluate (-1 - -4) + -14 + 13 - 1.
1
Calculate 2 + 6 + -35 + 31.
4
Evaluate -6 + (-3 - -13) + -9.
-5
2 - (-1 - (-5 - (2 - 1)))
-3
Calculate 3 - (-2 + 0 - (-4 - -2)).
3
1 + -4 - (21 + -19)
-5
What is -1 - (3 - (7 + -1))?
2
What is the value of (-15 - -15) + -6 + 1?
-5
Calculate -3 + 9 + (-4 - -1).
3
(0 - -6 - 13) + 0
-7
What is 0 + 4 + -5 + 5?
4
(-7 - -2) + -1 + (-2 - -13)
5
Evaluate 2 + 0 + 0 - (-24 - -28).
-2
Evaluate 0 + -6 - (-18 + 12).
0
-1 - 0 - (-1 + 0)
0
Evaluate -9 - (-5 + -4 + -5).
5
23 - 30 - (-2 + 0)
-5
Calculate 3 + -7 + 16 + -19.
-7
3 - (-15 + 28 + (2 - 7))
-5
-1 + -3 + 0 + -5 + 6
-3
Calculate (-4 - 0) + 0 - -5.
1
Evaluate 105 - 105 - (-1 - 2).
3
4 + (-6 - ((-12 - -6) + -4))
8
Calculate (-6 - 2) + 2 - (-35 - -29).
0
-4 + (-15 - -17) + (2 - 5)
-5
0 - -8 - (6 - (6 - 2))
6
-2 + (-5 - (1 - 2))
-6
Calculate -2 + -1 + 10 + -2.
5
5 + -3 - (6 - 2)
-2
(0 - -10) + -4 - 3
3
(2 - -7 - 4) + (-1 - 8)
-4
6 + (-3 - 1) - (1 - 0)
1
What is the value of (-13 - -13) + -2 + 5?
3
What is the value of 5 - (0 + -3 - -3) - 3?
2
Calculate (-7 - -5 - -3) + (0 - -3).
4
What is the value of 5 - (6 - (8 - (0 + 4)))?
3
Calculate 0 + -2 + -2 + 8.
4
Calculate 4 - 0 - (-13 - -15).
2
What is the value of -1 + 0 - (-86 - -90)?
-5
6 + 4 + -3 + -4
3
What is (-3 + 2 - -4) + 2?
5
Evaluate -1 + -2 + 1 + -1.
-3
What is 0 - 2 - (-1 + 0 - 2)?
1
6 - (-1 - -7 - -1)
-1
Calculate -3 - (2 - (3 - 2)).
-4
What is the value of (6 - 3 - (1 + -4)) + -2?
4
What is the value of 5 + (-1 - -2 - (1 - -2))?
3
Calculate -1 - (-9 - (-4 + -8)).
-4
Calculate -5 - (-8 - (2 - 4)).
1
Calculate (8 - -1) + 5 + -9.
5
What is the value of 9 + 6 + -17 + 0?
-2
Evaluate -1 + -4 + 8 + -5.
-2
Evaluate 2 + -2 + -1 - -5.
4
What is the value of 8 + -2 - (0 - -8)?
-2
Evaluate 2 - (12 + -6 + -4).
0
-11 + 14 + (-3 - -2)
2
What is 6 - (13 - 4) - -3?
0
What is the value of (3 - (-2 + -1) - 3) + -7?
-4
What is the value of -9 + 3 + -8 + 9?
-5
Calculate 2 + 45 + -35 + (-3 - 1).
8
-3 + 4 - (-2 - -9)
-6
Calculate 1 + 0 + -2 + 0.
-1
What is the value of (2 - 4) + (-7 - -5) - -3?
-1
Calculate 4 - (0 + (-3 - (-5 - 1))).
1
Calculate 2 + 2 + -5 + -1.
-2
122 + -117 + (2 - 6)
1
What is -1 + -3 + (-3 - -1) + 10?
4
Evaluate 16 + (-10 - 0) + -3.
3
-33 - -40 - (2 + (8 - 3))
0
-3 + (-6 - -3 - -10)
4
(-4 - (0 - 1)) + 4
1
1 - (1 - ((8 - 5) + 3))
6
Evaluate -152 - -150 - (6 + 0).
-8
-3 + 0 + 7 + 11 + -17
-2
What is (-6 - -2) + (74 - 77)?
-7
Calculate -3 + 0 + -2 + 2.
-3
(-4 - -6) + (-2 - (6 - 2))
-4
What is (1 + -4 - (-8 + 6)) + 2?
1
What is the value of (11 - 12) + (3 - 0) - -4?
6
Calculate -42 - -40 - (-1 + -5).
4
(-2 - -1) + (5 - 6) - -3
1
What is the value of -2 - (-4 - -3 - -4)?
-5
What is (-3 - (5 + -13)) + 4?
9
Calculate -16 + -3 + -9 + 20.
-8
Evaluate 1 + -2 - (21 - 12) - -4.
-6
Evaluate 16 + (1 - 7 - (-53 + 54)).
9
6 - 1 - (-5 - -7)
3
-18 - (-13 + (12 - 11))
-6
What is the value of 1 - (7 + -4 + -2)?
0
Calculate -8 - (-13 - (-3 - -6)).
8
Evaluate 9 - (-21 + 9 + 24).
-3
What is the value of (1 - -5) + (-14 - -13)?
5
Calculate (13 - (-10 + 18)) + -8.
-3
What is -1 + (0 - 1) + -10 + 5?
-7
What is the value of -1 + (4 - (2 + -2))?
3
What is 2 + -5 + (-3 - -4 - 0)?
-2
Calculate 4 - (17 - (1 - (-16 - -9))).
-5
What is the value of 71 + -81 + 0 + 12?
2
What is -5 + (2 - 3 - 0) - -5?
-1
Calculate 4 + (1 - 5) + -5.
-5
Calculate (11 - -1) + -127 + 114.
-1
Calculate -3 + (4 - (-2 + 3)) - -5.
5
What is the value of -19 - -21 - (4 + 0)?
-2
(2 + -3 - -3) + (-6 - -1)
-3
-11 - (-19 - -8) - 4
-4
Evaluate 0 + 1 - (54 - 49).
-4
Evaluate 1 + 1 - -3 - 5.
0
What is 23 - 23 - (-1 - 2)?
3
Calculate 3 + (-2 - 1) - -4.
4
Calculate 3 + 6 + (-8 - -3).
4
What is the value of 4 + (7 - 13 - -3)?
1
Evaluate (1 - (-5 + 4)) + -3 + -4.
-5
-6 + (5 - -11) + (-1 - 5)
4
Evaluate 9 - (9 - -4 - 5).
1
Calculate -1 + (2 - (-6 - -2)).
5
Calculate -1 + (3 - 2) + (1 - -2).
3
What is 8 - (2 + (-3 - -3) + -4)?
10
What is the value of -22 - -26 - (-1 - -2)?
3
Evaluate 0 + -1 - (19 - 19).
-1
What is the value of 2 - (4 + 5 + -6)?
-1
(3 - 3 - 5) + -1 - -8
2
Calculate -86 - -71 - (-13 + -1).
-1
-2 + (5 - 3) + -3
-3
What is the value of (1 - -6) + (3 + -5 - 2)?
3
-7 - (-14 + 1) - 11
-5
What is the value of 1 + 3 + -32 + 32?
4
(13 - (0 - -8)) + 3
8
-1 + -1 - (1 + -6)
3
Calculate 2 + (2 - 0) + 0 - 8.
-4
3 + -2 + 0 + -1
0
What is 0 - (4 + 0 + -7)?
3
Calculate 2 + 0 - (-2 - -7 - -6).
-9
Calculate 8 - 5 - 1 - (1 - -3).
-2
196 + -209 - (1 + -15)
1
34 + -41 + (0 - -8)
1
What is 6 + -13 + 13 + 3 + -8?
1
What is the value of ((-6 - 0) + 0 - -4) + -4?
-6
What is the value of 3 - (4 - (-3 + 6 - 3))?
-1
Calculate -4 + (-9 - -3) + 7.
-3
What is the value of 2 + (2 + 2 - 9)?
-3
Evaluate -4 + (1 - -2) + 1 + -4.
-4
-1 - 2 - (10 + -12)
-1
What is 1 - 5 - (-7 + 8 + -10)?
5
Calculate -9 - (0 + 5 - 10).
-4
Evaluate 0 + (-7 - -6) + (-4 - 0).
-5
Evaluate (4 + -1 - (-6 - -11)) + 2.
0
(-10 - 3 - -22) + -7
2
Calculate -6 + -4 + 4 + 10.
4
What is (-2 - -3) + (4 - 2)?
3
What is the value of (6 - (10 - 5) - 5) + 2?
-2
What is (0 - -3) + (-3 - 0) - 0?
0
Calculate (3 - 6) + (2 - 0).
-1
Evaluate -1 - -4 - 6 - (2 - 0).
-5
Evaluate (7 - -5 - 9) + -6 + 1.
-2
Calculate 1 + (3 - 1) - 0.
3
What is 4 - ((2 - -1) + (41 - 36))?
-4
What is -1 + -6 + 3 + (-1 - -1)?
-4
What is the value of 1 + 5 + -2 + 8 + -8?
4
Calculate 1 + -7 + 4 + 5.
3
Calculate 5 + (2 - -1 - (-12 + 15)).
5
-5 + (-3 - (-14 - (10 + -7)))
9
What is (-3 - (3 + -1)) + -3 + 6?
-2
Evaluate (9 - -2 - 13) + -4.
-6
What is the value of -1 - (-2 + 0 + 1 + 6)?
-6
Evaluate -5 - (3 + -5 + (2 - 0)).
-5
Evaluate 1 - (2 + -4 + 1).
2
(-8 - -29 - 11) + -18
-8
Calculate -1 - (0 + 2) - (-16 - -12).
1
What is (3 - -7) + (-8 - (-9 + 1))?
10
What is 2 + -1 + -5 + 27 + -29?
-6
Evaluate 26 + -38 - (-2 - 0).
-10
Evaluate -1 + (8 + (-1 - 2) - 0).
4
-5 + (1 + 1 - (17 - 25))
5
3 + 1 - (4 + 1)
-1
Evaluate (3 - 4 - 2) + 2.
-1
What is 65 - 61 - (12 + -2)?
-6
2 + (-3 - (1 + -6)) - -1
5
What is 0 + 9 - 9 - 1?
-1
Calculate -3 + (-1 - -2) + (4 - 3).
-1
1 + (6 - 9) + -3
-5
2 + (-13 - -6) - -5
0
Calculate (6 - (-2 + 12)) + -4.
-8
Evaluate -3 - (5 - 6) - -6.
4
What is the value of 1210 + -1206 - (-7 + (1 - 0))?
10
What is the value of -2 + 9 + -1 + -1?
5
35 + -46 - (2 - (0 - -6))
-7
Calculate -8 - (0 + -1) - (-106 + 106).